 1466917 a multiple of 59?
True
Is 12982039 a multiple of 72?
False
Is 566365770 a multiple of 81?
True
Is 12 a factor of 2625994920?
True
Is 150537609 a multiple of 1673?
False
Does 114 divide 105154941?
False
Is 1674 a factor of 1703385396?
True
Is 348707030 a multiple of 1301?
True
Is 2602 a factor of 139069094?
True
Is 4 a factor of 12782702?
False
Is 1236 a factor of 772187292?
True
Is 63 a factor of 68525478?
True
Does 2022 divide 1713552650?
False
Does 14 divide 3212020?
True
Is 686856357 a multiple of 58?
False
Does 2 divide 787019?
False
Is 76639696 a multiple of 371?
True
Is 221133339 a multiple of 46?
False
Is 1565 a factor of 575264775?
False
Is 25943774 a multiple of 266?
False
Is 11 a factor of 74828974?
True
Does 152 divide 337861800?
True
Is 60 a factor of 271392180?
True
Is 404265969 a multiple of 79?
False
Does 3 divide 258018049?
False
Is 8 a factor of 77583917?
False
Is 11 a factor of 132739951?
False
Is 78 a factor of 1054936923?
False
Is 552 a factor of 2617082716?
False
Is 38826063 a multiple of 2214?
False
Is 234330816 a multiple of 252?
False
Is 51 a factor of 1768434302?
False
Is 254 a factor of 49900840?
True
Is 294 a factor of 158498046?
True
Is 1092418642 a multiple of 1460?
False
Is 69782949 a multiple of 1537?
False
Does 116 divide 109194808?
False
Is 1665 a factor of 25304021?
False
Is 59 a factor of 120212733?
False
Does 17 divide 36537981?
True
Is 85 a factor of 1495495977?
False
Does 121 divide 83544934?
True
Does 8 divide 3793344?
True
Is 122816537 a multiple of 37?
False
Does 2024 divide 156513371?
False
Does 145 divide 11094015?
False
Is 132 a factor of 165905090?
False
Does 149 divide 40684599?
True
